(8 - 20))?
-2
What is the value of -2 + (-3 - (6 + -14))?
3
-15 + 23 + (-6 - (-9 + 4))
7
-18 - ((2 - 15) + (10 - 6))
-9
Calculate 80 + -58 + -27 + (9 - (-2 + 1)).
5
6 + 6 + -14 + (14 - (14 + -11))
9
Evaluate (2 - -6) + (-36 - -20) + 29.
21
Calculate -43 + 51 - (-2 + 0).
10
Evaluate -3 + 2 + 8 - (30 + -16 + -22).
15
Calculate -12 + (-8 - (8 - 14)).
-14
What is the value of -6 - 5 - (6 - 0 - (59 + -56))?
-14
Calculate (-53 - -79) + -28 + 4.
2
What is the value of 3 - -25 - (-288 + 325)?
-9
What is the value of 12 - (6 - 9 - -9)?
6
What is 15 + -3 + 3 + -22?
-7
Evaluate 20 + -12 + -9 - 30.
-31
Evaluate -18 + (-1 + (4 - 7) - (0 + -5)).
-17
What is the value of 19 + 4 - (2 + 10 - (2 + 2))?
15
Evaluate 4 - (0 + -9 - 2 - (-74 - -65)).
6
What is the value of (15 - 3) + (-7 - (2 + -5))?
8
Evaluate 4 + -7 - (8 + -7) - -3.
-1
What is 0 + 3 + 30 + -21?
12
Evaluate 10 - (16 - (-27 + 20)).
-13
What is 9 - (-5 + 4 + (-10 - (-23 - -7)))?
4
-14 + (-7 - (-15 + 19 - 49))
24
44 - (-6 + 58) - (0 + -20)
12
-10 - (-7 - -1 - 7 - 13)
16
10 + 20 - ((13 - 5) + -2)
24
What is the value of 1 + (16 - (-14 + 25 - (5 + 1)))?
12
What is 0 - (-38 - -46 - (5 - 1) - 4)?
0
-22 + (11 - 17) + 0 + 1
-27
-2 + 3 + 12 - (847 + -820)
-14
-4 + 3 + 5 + -4 + -12 + 8
-4
3 + -9 + 13 + (-14 - -1)
-6
What is -10 - 2 - -12 - (-3 - (-3 + 9))?
9
What is 0 + -1 - 5 - (-11 + 16 + -11)?
0
What is -8 + -12 + 27 - (28 + -31)?
10
Evaluate -9 + 7 + 0 + 6 + -10.
-6
Evaluate -6 + (3 - -1) + -39 + 38 + 4.
1
What is (4 + -2 - 2) + (0 - -10 - 15)?
-5
Calculate 3 - 0 - 19 - (-58 - -57).
-15
What is (-22 - -15) + 1 - -11?
5
What is 2 + -5 + (11 - (11 + -7 + 7))?
-3
6 + (-3 - -2) - 0 - (167 + -166)
4
Calculate 7 - (-3 + 4) - (0 + 20 + -2).
-12
What is 10 + -9 + (-4 - 6)?
-9
(18 - 6 - 2 - 0) + -35
-25
What is -1 + 4 + -3 + (-43 - -29)?
-14
What is the value of 0 - 4 - (-285 - -262)?
19
Evaluate (-32 - 7) + 4 - (-2 + -5 + -4).
-24
67 - 68 - (0 - -16) - -8
-9
Calculate (-16 - (-14 - -2)) + (0 - 2) + 12.
6
Calculate 14 + (2 + -14 - (-8 + -10 + 11)).
9
Evaluate -1 + (5 + -35 - -57).
26
What is the value of (1 - 1) + (-5 - 1 - (-41 - -30))?
5
What is 11 - 30 - (-8 + (6 - 5 - 2))?
-10
Calculate -2 - (-4 + -6 + (2 - 0) - 16).
22
What is -4 + -20 + 16 - -4?
-4
What is the value of -7 + (9 + -14 - -2)?
-10
-26 + (7 - (-13 + 6))
-12
What is the value of (-48 - (49 + -89)) + (0 - -6)?
-2
(6 - (10 + 24)) + 49
21
Calculate (1 - 45 - (28 - 34)) + 12.
-26
Evaluate 5 + (8 - 9) - (-1 - -6) - 11.
-12
Calculate 3 + 3 + -4 + 31 + -31.
2
-8 - -6 - (-6 - (-5 + -4))
-5
What is the value of (2 - 2) + -7 - (19 - 38 - -13)?
-1
Evaluate -1 + (-9 - -4) + 1 - (-10 + 19).
-14
Calculate (11 - -5) + -13 + 2 + 1 - 9.
-3
(7 - 2) + (19 - 23 - (-4 - -1))
4
Calculate (-22 - -3 - ((-4 - -7) + 2)) + -2.
-26
Calculate -1 + -17 + -1 + 2 - (-587 + 585).
-15
What is the value of -11 - -3 - (-7 + -8 + 7)?
0
Calculate 8 - (1 + (-15 + 5 - -31)).
-14
Calculate -5 - (-49 - -18 - -51).
-25
Calculate -3 + 2 - 0 - (-4 + -1).
4
Calculate (-9 - (9 - 7)) + 4.
-7
Evaluate 10 + -1 + (4 - 4) + -12.
-3
-12 + 3 + (7 - (21 + -10))
-13
Calculate -28 - ((3 - 10) + 4 + -8).
-17
Evaluate (-13 - -3) + 62 + -54.
-2
What is the value of (-7 - 0) + -1 + -25 + -61 + 77?
-17
Calculate -1 + 28 - (-34 + 25 + -4 + 17).
23
(-2 + (-1 - -6) + -8 - 7) + 0
-12
-8 + 8 - (8 - (1 + -6 + 3))
-10
What is the value of (15 - (9 - 0)) + -6 + 9?
9
What is the value of 1 - (5 + -2 + (8 - 12))?
2
Evaluate 2 + -1 + 20 + 13 + -24 + 5.
15
What is 0 + (5 - (6 - (4 - 1))) - -1?
3
What is the value of -4 + 0 - (-42 - -50)?
-12
-9 - 1 - -5 - (3 + (6 - 3))
-11
What is -191 + 193 + (-1 - -8)?
9
Evaluate (9 - 8) + (11 - 22).
-10
1 + (1 - (1 - -3)) + (18 - 24)
-8
Evaluate 25 + -15 + -3 + 7 + -5.
9
What is -34 - ((37 - 121) + 28)?
22
What is -361 + 370 + (-1 - (-1 - (-3 + 2)))?
8
Evaluate -11 - (19 - 7) - -25.
2
What is 7 + (-3 - -1) - (25 + (5 - 16))?
-9
What is the value of 2 - 1 - -17 - (34 - 24)?
8
What is (-26 - (-1 - 19)) + 15 + (0 - 1)?
8
What is the value of -16 - (-13 + (23 - 13) + -1)?
-12
(4 - (-3 + 0)) + (19 - 32) + -1
-7
What is -15 + (19 - (19 + -7))?
-8
Calculate -8 - (-3 - 0 - (-19 + 9 - -4)).
-11
-5 + (-1 - -5) + (32 - 20)
11
Calculate -21 + -5 + (44 - 23).
-5
What is the value of (24 - (45 + -4)) + 9?
-8
6 + -3 - (-3 + 12 + 2)
-8
What is -1 - ((-3 - -13) + (4 - 1))?
-14
Calculate -7 + 8 + -2 + 22 + -31 - 6.
-16
Calculate 49 - 59 - (-15 + 20).
-15
24 + 18 + -42 + -8 + 1
-7
What is (0 - -16) + 479 + -488?
7
What is -17 + 8 + 10 - ((8 - 1) + -2)?
-4
Calculate -32 - (-54 - (-28 - -11)).
5
What is 1 - (5 + (-16 - -9) + -5)?
8
What is 42 + -37 - (47 - (-11 + 6)) - -7?
-40
Evaluate (11 - 15) + -1 + 12 + (0 - 22).
-15
What is the value of -2 + (-2 - 0 - (2 + -3)) + 7?
4
-7 + -5 + 21 + -7
2
What is the value of (-108 - -115) + (-3 - (-4 + 3)) + -22?
-17
What is the value of (7 + 0 + -3 - 1) + -2 + -20?
-19
Calculate -3 - (4 - 18 - -22).
-11
-6 - (8 - (10 - (-6 - 0))) - -10
12
Calculate 1 - -8 - (-4 + -3) - 7.
9
Evaluate 9 + (-8 - -15) + -12 + 3 + -33.
-26
Calculate 6 + 0 - ((-9 - -40) + -22).
-3
(2 - -16) + 66 + -92
-8
Calculate (-12 - -8 - -16) + -13.
-1
Calculate 27 + (-3 - (1 + (-14 - -13))).
24
Calculate -1 + 5 + -36 + 23 + -5.
-14
Calculate 51 + (-16 - -38 - 41).
32
22 + 11 + -18 - 7
8
Evaluate -2 - 1 - (-21 - (-5 - 13)) - -2.
2
Evaluate (21 - 11 - 10) + -16.
-16
What is the value of 4 + -7 + 16 + (-14 - -10)?
9
(-6 + 34 + -4 - 12) + 0
12
Evaluate -7 + 7 + -2 - 6 - -4.
-4
(8 - 7 - -8) + (-4 - 1)
4
9 + -3 - (-3 - -3) - (20 + -15)
1
Calculate (20 - -1) + (-66 - -66).
21
What is the value of -6 + -32 + 10 + 2 + 4?
-22
What is 4 + (-4 + 6 + -6 - (1 + -9))?
8
Calculate 0 + -2 + -46 + 40.
-8
What is the value of -22 + -28 + 18 + (9 - (2 + -5))?
-20
Evaluate -7 + -2 - 0 - ((36 - 54) + 47).
-38
(-4 - -3) + -7 - -11 - -5
8
Evaluate -18 + -22 + 11 + 14.
-15
Evaluate 4 + (-3 - -4) + 4 + -29 + 5.
-15
Evaluate (1 - (8 - -1) - -19) + (-2 - -11).
20
(51 - 70) + 44 - (-8 + -1 - 1)
35
Calculate -4 - ((15 - 25) + -6 + -8).
20
Calculate 2 + (-6 - (-3 + -6 + 12)).
-7
What is the value of 10 + -1 + (-45 - -48) - 6?
6
Evaluate 57 + (-20 + -12 + -7 - -20).
38
Calculate -11 + (4 + 2 - (19 + -34 + 42)).
-32
Calculate 5 + -5 - (0 - (1 - (0 + -12))).
13
Evaluate 32 + -27 + 1 + -2 + -24 + 32.
12
Calculate -5 + 5 + (-1 - -22) + 129 + -122.
28
What is the value of 607 - 574 - (-1 + 18)?
16
1 + 32 - (-190 - -252)
-29
Calculate (-3 - 6) + 7 + -17 + 27.
8
Calculate (-82 + 83 - (-1 - -7)) + 2 - -21.
18
Calculate -5 + -10 + 5 - (13 + -21).
-2
Calculate 7 + (104 + -97 - (6 - 1)) + -12.
-3
What is 1 + 3 + -2 + 24 + -27?
-1
What is -9 - (-9 - (17 + (-36 - -18)))?
-1
Evaluate 10 + -36 + 19 - -1.
-6
Evaluate (-16 - (-17 + 5 - -3)) + 8.
1
Calculate 1 + -38 + (24 - 4).
-17
Evaluate -11 + 9 - ((-14 - -8) + 3).
1
What is -7 - (-22 + -11 + -7)?
33
What is the value of (-1 - -12) + (-11 - -9) + (-5 - 0)?
4
Calculate -24 - (59 + -52 + 1 + -18).
-14
What is -14 + 1 - (-19 + 7)?
-1
What is 14 - (-17 - -15 - -5)?
11
What is (-10 - -4) + -4 - 9?
-19
What is the value of -18 - -24 - 23 - (-3 + 0 - 4)?
-10
What is 0 - 7 - (-22 - ((-9 - -4) + 0))?
10
17 + (1 - 7) - 4 - (8 - -6)
-7
Evaluate (20 - 27) + 15 - 5.
3
What is the value of (-8 - -10 - 19) + 13?
-4
(-2 - -8) + (2 - 2 - (20 - 25))
11
Calculate -13 - (-9 - 3) - (7 - 1).
-7
-22 - (-9 + -4 + (-14 - -21))
-16
What is the value of (-4 + 4 - 8) + 20?
12
What is the value of (1 - (12 + -4)) + (0 - -12) - 19?
-14
-3 - (4 - (-18 + 10) - -11)
-26
Evaluate 21 - (-22 - -13 - -34).
-4
Evaluate 6 + (-10 + -3 + (-6 - -11) - -6).
4
(-505 - -525) + -2 + -1
17
What is 4 + -5 + (-7 - 3)?
-11
What is the value of 5 + -3 + 8 - 8 - 17?
-15
What is the value of 5 + (-9 - -4) - -2?
2
What is -4 + -9 - -7 - -29?
23
What is the value of (-4 - -13) + 17 + (-7 - 7)?
12
-10 + (7 - (-27 - -46))
-22
Evaluate -15 + 1 + 10 + (-4 + 3 - -2).
-3
(-1 - -1) + (-7 - ((-2 - -2) + -10))
3
Calculate -4 - (-22 + (-31 - -17 - 3)).
35
-8 + 17 + -13 + -8 + (-1 - 0)
-13
What is 7 - 3 - (0 + 24) - (-12 - -13)?
-21
What is -1 + 36 + -373 + 358?
20
Calculate (-8 - -7) + 11 + (-10 - (11 + 23)).
-34
2 - 14 - (-11 - -5)
-6
7 + -11 - (34 - 1)
-37
(-31 - 1 - -2) + -24 + 38
-16
-14 + (2 - (-16 + 6)) - -18
16
-1 - -2 - (-2 + (1 - 4) + 0)
6
What